{"id":8270,"date":"2018-12-20T10:33:01","date_gmt":"2018-12-20T01:33:01","guid":{"rendered":"http:\/\/www.alli-ex.com\/?page_id=8270"},"modified":"2018-12-26T16:43:58","modified_gmt":"2018-12-26T07:43:58","slug":"5_2_faq_mcp_vi","status":"publish","type":"page","link":"https:\/\/www.alli-ex.com\/?page_id=8270&lang=vi","title":{"rendered":"5_2_faq_mcp_vi"},"content":{"rendered":"<div class=\"wpb-content-wrapper\"><p>[vc_row content_width=&#8221;grid&#8221; content_aligment=&#8221;center&#8221; css=&#8221;.vc_custom_1517203718320{padding-top: 64px !important;padding-bottom: 63px !important;background-color: #ffffff !important;}&#8221;][vc_column][vc_column_text]<\/p>\n<h2 style=\"text-align: center;\"><b>Frequently Asked Questions<\/b><\/h2>\n<p>[\/vc_column_text][vc_empty_space height=&#8221;20px&#8221;][vc_column_text]<\/p>\n<h4 style=\"text-align: center;\">about MCP Service<\/h4>\n<p>[\/vc_column_text][vc_empty_space height=&#8221;20px&#8221;][\/vc_column][\/vc_row][vc_row content_width=&#8221;grid&#8221; css=&#8221;.vc_custom_1517203728869{padding-bottom: 49px !important;background-color: #ffffff !important;}&#8221;][vc_column]<div class=\"qodef-accordion-holder clearfix qodef-toggle qodef-boxed \">\r\n\t<h6 class=\"clearfix qodef-title-holder\" >\r\n\t<span class=\"qodef-accordion-mark qodef-left-mark\">\r\n\t\t<span class=\"qodef-accordion-mark-icon\">\r\n\t\t\t<span class=\"icon_plus\"><\/span>\r\n\t\t\t<span class=\"icon_minus-06\"><\/span>\r\n\t\t<\/span>\r\n\t<\/span>\r\n\t<span class=\"qodef-tab-title\">\r\n\t\t<span class=\"qodef-tab-title-inner\">\r\n\t\t\tMCP l\u00e0 d\u1ecbch v\u1ee5 g\u00ec?\t\t<\/span>\r\n\t<\/span>\r\n<\/h6>\r\n<div class=\"qodef-accordion-content\">\r\n\t<div class=\"qodef-accordion-content-inner\">\r\n\t\t[vc_column_text]MCP(Multi Currency Pricing) l\u00e0 d\u1ecbch v\u1ee5 \u0111\u01b0\u1ee3c t\u1ea1o ra nh\u1eb1m th\u1ecfa m\u00e3n kh\u00e1ch h\u00e0ng c\u00f3 nhu c\u1ea7u thanh to\u00e1n b\u1eb1ng \u0111\u01a1n v\u1ecb ti\u1ec1n t\u1ec7 mong mu\u1ed1n qua th\u1ebb t\u00edn d\u1ee5ng(VISA &amp; MasterCard &amp; JCB) t\u1ea1i c\u00e1c \u0111\u01a1n v\u1ecb ch\u1ea5p nh\u1eadn th\u1ebb qua m\u1ea1ng online.[\/vc_column_text][vc_empty_space height=&#8221;40px&#8221;]\t<\/div>\r\n<\/div>\r\n<h6 class=\"clearfix qodef-title-holder\" >\r\n\t<span class=\"qodef-accordion-mark qodef-left-mark\">\r\n\t\t<span class=\"qodef-accordion-mark-icon\">\r\n\t\t\t<span class=\"icon_plus\"><\/span>\r\n\t\t\t<span class=\"icon_minus-06\"><\/span>\r\n\t\t<\/span>\r\n\t<\/span>\r\n\t<span class=\"qodef-tab-title\">\r\n\t\t<span class=\"qodef-tab-title-inner\">\r\n\t\t\t\u01afu \u0111i\u1ec3m c\u1ee7a d\u1ecbch v\u1ee5 MCP l\u00e0 g\u00ec?\t\t<\/span>\r\n\t<\/span>\r\n<\/h6>\r\n<div class=\"qodef-accordion-content\">\r\n\t<div class=\"qodef-accordion-content-inner\">\r\n\t\t[vc_column_text]MCP l\u00e0 d\u1ecbch v\u1ee5 m\u00e0 kh\u00e1ch h\u00e0ng ch\u1ec9 ph\u1ea3i chi tr\u1ea3 s\u1ed1 ti\u1ec1n \u0111\u00fang nh\u01b0 s\u1ed1 ti\u1ec1n thanh to\u00e1n tr\u01b0\u1edbc \u0111\u00f3, \u0111\u1ed3ng th\u1eddi kh\u00e1ch h\u00e0ng c\u00f3 th\u1ec3 thanh to\u00e1n b\u1eb1ng lo\u1ea1i ti\u1ec1n m\u00e0 m\u00ecnh mong mu\u1ed1n v\u00e0 c\u00f3 th\u1ec3 x\u00e1c nh\u1eadn ngay l\u1eadp t\u1ee9c s\u1ed1 ti\u1ec1n \u0111\u00e3 \u0111\u01b0\u1ee3c chuy\u1ec3n \u0111\u1ed5i t\u1ec9 gi\u00e1(m\u1ed7i gi\u1edd m\u1ed9t l\u1ea7n) t\u1ea1i trang thanh to\u00e1n online.<br \/>\nKhi thanh to\u00e1n, kh\u00e1ch h\u00e0ng c\u00f3 th\u1ec3 bi\u1ebft tr\u01b0\u1edbc ch\u00ednh x\u00e1c s\u1ed1 ti\u1ec1n s\u1ebd ph\u1ea3i n\u1ed9p do \u0111\u00f3 vi\u1ec7c qu\u1ea3n l\u00ed t\u00e0i ch\u00ednh s\u1ebd d\u1ec5 d\u00e0ng h\u01a1n. Nh\u1edd v\u1eady m\u00e0 \u0111\u01a1n v\u1ecb ch\u1ea5p nh\u1eadn th\u1ebb c\u00f3 th\u1ec3 thu h\u00fat nhi\u1ec1u kh\u00e1ch h\u00e0ng n\u01b0\u1edbc ngo\u00e0i \u0111\u1ec3 n\u00e2ng cao doanh thu.[\/vc_column_text][vc_empty_space height=&#8221;40px&#8221;]\t<\/div>\r\n<\/div>\r\n<h6 class=\"clearfix qodef-title-holder\" >\r\n\t<span class=\"qodef-accordion-mark qodef-left-mark\">\r\n\t\t<span class=\"qodef-accordion-mark-icon\">\r\n\t\t\t<span class=\"icon_plus\"><\/span>\r\n\t\t\t<span class=\"icon_minus-06\"><\/span>\r\n\t\t<\/span>\r\n\t<\/span>\r\n\t<span class=\"qodef-tab-title\">\r\n\t\t<span class=\"qodef-tab-title-inner\">\r\n\t\t\tC\u00f3 th\u1ec3 s\u1eed d\u1ee5ng \u0111\u01a1n v\u1ecb ti\u1ec1n t\u1ec7 n\u00e0o v\u1edbi d\u1ecbch v\u1ee5 MCP?\t\t<\/span>\r\n\t<\/span>\r\n<\/h6>\r\n<div class=\"qodef-accordion-content\">\r\n\t<div class=\"qodef-accordion-content-inner\">\r\n\t\t[vc_column_text]Hi\u1ec7n t\u1ea1i, d\u1ecbch v\u1ee5 MCP h\u1ed7 tr\u1ee3 \u0111\u01a1n v\u1ecb ti\u1ec1n t\u1ec7 c\u1ee7a 23 n\u01b0\u1edbc g\u1ed3m M\u1ef9(USD), Ch\u00e2u \u00c2u(EUR), Nh\u1eadt(JPY), Singapore(SGD), \u00dac(AUD), H\u1ed3ng K\u00f4ng(HKD), Th\u00e1i Lan(THB), Anh(GBP), Canada(CAD), Nga(RUB), Malaysia(MYR), Philippines(PHP), New Zealand(NZD), C\u00e1c ti\u1ec3u v\u01b0\u01a1ng qu\u1ed1c \u1ea2 R\u1eadp th\u1ed1ng nh\u1ea5t(AED), Macao(MOP), C\u1ed9ng h\u00f2a Kazakhstan(KZT), Na Uy(NOK), \u1ea2 R\u1eadp X\u00ea \u00dat(SAR), Th\u1ed5 Nh\u0129 K\u1ef3(TRY), Vi\u1ec7t Nam(VND), M\u00f4ng C\u1ed5(MNT), \u0110\u00e0i Loan(TWD), Brasil(BRL).[\/vc_column_text][vc_empty_space height=&#8221;40px&#8221;]\t<\/div>\r\n<\/div>\r\n<h6 class=\"clearfix qodef-title-holder\" >\r\n\t<span class=\"qodef-accordion-mark qodef-left-mark\">\r\n\t\t<span class=\"qodef-accordion-mark-icon\">\r\n\t\t\t<span class=\"icon_plus\"><\/span>\r\n\t\t\t<span class=\"icon_minus-06\"><\/span>\r\n\t\t<\/span>\r\n\t<\/span>\r\n\t<span class=\"qodef-tab-title\">\r\n\t\t<span class=\"qodef-tab-title-inner\">\r\n\t\t\tC\u00e1c trang m\u1ea1ng n\u00e0o kh\u00f4ng s\u1eed d\u1ee5ng \u0111\u01b0\u1ee3c d\u1ecbch v\u1ee5 MCP?\t\t<\/span>\r\n\t<\/span>\r\n<\/h6>\r\n<div class=\"qodef-accordion-content\">\r\n\t<div class=\"qodef-accordion-content-inner\">\r\n\t\t[vc_column_text]T\u1ea5t c\u1ea3 c\u00e1c trang m\u1ea1ng c\u00f3 n\u1ed9i dung ph\u1ea3n c\u1ea3m, tr\u00e1i v\u1edbi \u0111\u1ea1o \u0111\u1ee9c nh\u01b0 \u0111\u00e1nh b\u1ea1c, c\u00e1 \u0111\u1ed9 qua m\u1ea1ng, bu\u00f4n b\u00e1n n\u1ed9i dung khi\u00eau d\u00e2m b\u1ea5t h\u1ee3p ph\u00e1p, v\u0169 kh\u00ed, thu\u1ed1c l\u00e1, tuy\u1ec3n d\u1ee5ng ng\u01b0\u1eddi cho d\u1ecbch v\u1ee5 gi\u1ea3i tr\u00ed ng\u01b0\u1eddi l\u1edbn, bu\u00f4n b\u00e1n h\u00e0ng nh\u00e1i, h\u1ec7 th\u1ed1ng c\u1ea5p ph\u00e9p du l\u1ecbch \u0111i\u1ec7n t\u1eed, bu\u00f4n b\u00e1n xe c\u0169, ho\u00e1n \u0111\u1ed5i v\u00e0ng, b\u1ea1c th\u00e0nh ti\u1ec1n m\u1eb7t, bu\u00f4n b\u00e1n thu\u1ed1c, c\u00e1c lo\u1ea1i r\u01b0\u1ee3u,&#8230;[\/vc_column_text][vc_empty_space height=&#8221;40px&#8221;]\t<\/div>\r\n<\/div>\r\n<h6 class=\"clearfix qodef-title-holder\" >\r\n\t<span class=\"qodef-accordion-mark qodef-left-mark\">\r\n\t\t<span class=\"qodef-accordion-mark-icon\">\r\n\t\t\t<span class=\"icon_plus\"><\/span>\r\n\t\t\t<span class=\"icon_minus-06\"><\/span>\r\n\t\t<\/span>\r\n\t<\/span>\r\n\t<span class=\"qodef-tab-title\">\r\n\t\t<span class=\"qodef-tab-title-inner\">\r\n\t\t\tT\u1ec9 gi\u00e1 bao l\u00e2u th\u00ec \u0111\u01b0\u1ee3c c\u1eadp nh\u1eadt 1 l\u1ea7n?\t\t<\/span>\r\n\t<\/span>\r\n<\/h6>\r\n<div class=\"qodef-accordion-content\">\r\n\t<div class=\"qodef-accordion-content-inner\">\r\n\t\t[vc_column_text]T\u1ec9 gi\u00e1 s\u1ebd \u0111\u01b0\u1ee3c c\u1eadp nh\u1eadt m\u1ed9t ng\u00e0y 1 l\u1ea7n \u0111\u1ed1i v\u1edbi d\u1ecbch v\u1ee5 DCC, m\u1ed7i gi\u1edd 1 l\u1ea7n \u0111\u1ed1i v\u1edbi d\u1ecbch v\u1ee5 MCP.[\/vc_column_text][vc_empty_space height=&#8221;40px&#8221;]\t<\/div>\r\n<\/div>\r\n<\/div>[\/vc_column][\/vc_row][vc_row content_width=&#8221;grid&#8221; content_aligment=&#8221;center&#8221; css=&#8221;.vc_custom_1517203781082{background-color: #ffffff !important;}&#8221;][vc_column width=&#8221;1\/2&#8243; offset=&#8221;vc_col-lg-3 vc_col-md-6&#8243;]<div class=\"qodef-elements-holder qodef-responsive-mode-768\" ><div class=\"qodef-elements-holder-item qodef-vertical-alignment-middle qodef-horizontal-alignment-center\" style=\"background-image: url(https:\/\/www.alli-ex.com\/wp-content\/uploads\/2018\/03\/contact-us.jpg)\">\r\n\t<div class=\"qodef-elements-holder-item-inner\">\r\n\t\t<div class=\"qodef-elements-holder-item-content qodef-elements-holder-custom-729723\" style=\"padding: 51px 10px 62px 10px\">\r\n\t\t\t\t\t\t\n    <span class=\"qodef-icon-shortcode normal\" style=\"width: 47px;height: 47px;line-height: 47px\" data-hover-color=\"#ffffff\" data-color=\"#ffffff\">\n        \n        <i class=\"qodef-icon-simple-line-icon icon-envelope qodef-icon-element\" style=\"color: #ffffff;font-size:47px\" ><\/i>\n            <\/span>\n\n[vc_empty_space height=&#8221;10px&#8221;][vc_column_text]<\/p>\n<h6><span style=\"color: #ffffff;\">Contact Us<\/span><\/h6>\n<p>[\/vc_column_text]\t\t<\/div>\r\n\t<\/div>\r\n<\/div><\/div>[vc_empty_space height=&#8221;27px&#8221;][vc_empty_space height=&#8221;60px&#8221;][\/vc_column][vc_column width=&#8221;1\/2&#8243; offset=&#8221;vc_col-lg-3 vc_col-md-6&#8243;]<div class=\"qodef-elements-holder qodef-responsive-mode-768\" ><div class=\"qodef-elements-holder-item qodef-vertical-alignment-middle qodef-horizontal-alignment-center\" style=\"background-image: url(https:\/\/www.alli-ex.com\/wp-content\/uploads\/2018\/03\/documents.png.jpg)\">\r\n\t<div class=\"qodef-elements-holder-item-inner\">\r\n\t\t<div class=\"qodef-elements-holder-item-content qodef-elements-holder-custom-103752\" style=\"padding: 51px 10px 62px 10px\">\r\n\t\t\t\t\t\t\n    <span class=\"qodef-icon-shortcode normal\" style=\"width: 47px;height: 47px;line-height: 47px\" data-hover-color=\"#ffffff\" data-color=\"#ffffff\">\n        \n        <i class=\"qodef-icon-simple-line-icon icon-docs qodef-icon-element\" style=\"color: #ffffff;font-size:47px\" ><\/i>\n            <\/span>\n\n[vc_empty_space height=&#8221;10px&#8221;][vc_column_text]<\/p>\n<h6><span style=\"color: #ffffff;\">Documentation<\/span><\/h6>\n<p>[\/vc_column_text]\t\t<\/div>\r\n\t<\/div>\r\n<\/div><\/div>[vc_empty_space height=&#8221;27px&#8221;][vc_empty_space height=&#8221;60px&#8221;][\/vc_column][vc_column width=&#8221;1\/2&#8243; offset=&#8221;vc_col-lg-3 vc_col-md-6&#8243;]<div class=\"qodef-elements-holder qodef-responsive-mode-768\" ><div class=\"qodef-elements-holder-item qodef-vertical-alignment-middle qodef-horizontal-alignment-center\" style=\"background-image: url(https:\/\/www.alli-ex.com\/wp-content\/uploads\/2018\/03\/support.jpg)\">\r\n\t<div class=\"qodef-elements-holder-item-inner\">\r\n\t\t<div class=\"qodef-elements-holder-item-content qodef-elements-holder-custom-376550\" style=\"padding: 51px 10px 62px 10px\">\r\n\t\t\t\t\t\t\n    <span class=\"qodef-icon-shortcode normal\" style=\"width: 47px;height: 47px;line-height: 47px\" data-hover-color=\"#ffffff\" data-color=\"#ffffff\">\n        \n        <i class=\"qodef-icon-simple-line-icon icon-earphones-alt qodef-icon-element\" style=\"color: #ffffff;font-size:47px\" ><\/i>\n            <\/span>\n\n[vc_empty_space height=&#8221;10px&#8221;][vc_column_text]<\/p>\n<h6><span style=\"color: #ffffff;\">Support<\/span><\/h6>\n<p>[\/vc_column_text]\t\t<\/div>\r\n\t<\/div>\r\n<\/div><\/div>[vc_empty_space height=&#8221;27px&#8221;][vc_empty_space height=&#8221;60px&#8221;][\/vc_column][vc_column width=&#8221;1\/2&#8243; offset=&#8221;vc_col-lg-3 vc_col-md-6&#8243;]<div class=\"qodef-elements-holder qodef-responsive-mode-768\" ><div class=\"qodef-elements-holder-item qodef-vertical-alignment-middle qodef-horizontal-alignment-center\" style=\"background-image: url(https:\/\/www.alli-ex.com\/wp-content\/uploads\/2018\/01\/officehour.jpg)\">\r\n\t<div class=\"qodef-elements-holder-item-inner\">\r\n\t\t<div class=\"qodef-elements-holder-item-content qodef-elements-holder-custom-455520\" style=\"padding: 51px 10px 62px 10px\">\r\n\t\t\t\t\t\t\n    <span class=\"qodef-icon-shortcode normal\" style=\"width: 47px;height: 47px;line-height: 47px\" data-hover-color=\"#ffffff\" data-color=\"#ffffff\">\n        \n        <i class=\"qodef-icon-simple-line-icon icon-clock qodef-icon-element\" style=\"color: #ffffff;font-size:47px\" ><\/i>\n            <\/span>\n\n[vc_empty_space height=&#8221;10px&#8221;][vc_column_text]<\/p>\n<h6><span style=\"color: #ffffff;\">Office Hours<\/span><\/h6>\n<p>[\/vc_column_text]\t\t<\/div>\r\n\t<\/div>\r\n<\/div><\/div>[vc_empty_space height=&#8221;27px&#8221;][vc_empty_space height=&#8221;60px&#8221;][\/vc_column][\/vc_row]<\/p>\n<\/div>","protected":false},"excerpt":{"rendered":"<a href=\"https:\/\/www.alli-ex.com\/?page_id=8270&lang=vi\"><img decoding=\"async\" width=\"300\" src=\"\" class=\"alignleft wp-post-image tfe\" alt=\"\" title=\"\" \/><\/a><p>[vc_row content_width=&#8221;grid&#8221; content_aligment=&#8221;center&#8221; css=&#8221;.vc_custom_1517203718320{padding-top: 64px !important;padding-bottom: 63px !important;background-color: #ffffff !important;}&#8221;][vc_column][vc_column_text] Frequently Asked Questions [\/vc_column_text][vc_empty_space height=&#8221;20px&#8221;][vc_column_text] about MCP Service [\/vc_column_text][vc_empty_space height=&#8221;20px&#8221;][\/vc_column][\/vc_row][vc_row content_width=&#8221;grid&#8221; css=&#8221;.vc_custom_1517203728869{padding-bottom: 49px !important;background-color: #ffffff !important;}&#8221;][vc_column][\/vc_column][\/vc_row][vc_row content_width=&#8221;grid&#8221; content_aligment=&#8221;center&#8221; css=&#8221;.vc_custom_1517203781082{background-color: #ffffff !important;}&#8221;][vc_column width=&#8221;1\/2&#8243; offset=&#8221;vc_col-lg-3 vc_col-md-6&#8243;][vc_empty_space height=&#8221;27px&#8221;][vc_empty_space height=&#8221;60px&#8221;][\/vc_column][vc_column width=&#8221;1\/2&#8243; offset=&#8221;vc_col-lg-3 vc_col-md-6&#8243;][vc_empty_space height=&#8221;27px&#8221;][vc_empty_space height=&#8221;60px&#8221;][\/vc_column][vc_column width=&#8221;1\/2&#8243; offset=&#8221;vc_col-lg-3 vc_col-md-6&#8243;][vc_empty_space height=&#8221;27px&#8221;][vc_empty_space&#8230;<\/p>\n","protected":false},"author":1,"featured_media":0,"parent":0,"menu_order":0,"comment_status":"closed","ping_status":"closed","template":"full-width.php","meta":{"footnotes":""},"class_list":["post-8270","page","type-page","status-publish","hentry"],"_links":{"self":[{"href":"https:\/\/www.alli-ex.com\/index.php?rest_route=\/wp\/v2\/pages\/8270","targetHints":{"allow":["GET"]}}],"collection":[{"href":"https:\/\/www.alli-ex.com\/index.php?rest_route=\/wp\/v2\/pages"}],"about":[{"href":"https:\/\/www.alli-ex.com\/index.php?rest_route=\/wp\/v2\/types\/page"}],"author":[{"embeddable":true,"href":"https:\/\/www.alli-ex.com\/index.php?rest_route=\/wp\/v2\/users\/1"}],"replies":[{"embeddable":true,"href":"https:\/\/www.alli-ex.com\/index.php?rest_route=%2Fwp%2Fv2%2Fcomments&post=8270"}],"version-history":[{"count":3,"href":"https:\/\/www.alli-ex.com\/index.php?rest_route=\/wp\/v2\/pages\/8270\/revisions"}],"predecessor-version":[{"id":8395,"href":"https:\/\/www.alli-ex.com\/index.php?rest_route=\/wp\/v2\/pages\/8270\/revisions\/8395"}],"wp:attachment":[{"href":"https:\/\/www.alli-ex.com\/index.php?rest_route=%2Fwp%2Fv2%2Fmedia&parent=8270"}],"curies":[{"name":"wp","href":"https:\/\/api.w.org\/{rel}","templated":true}]}}