{"id":8312,"date":"2018-12-20T11:55:25","date_gmt":"2018-12-20T02:55:25","guid":{"rendered":"http:\/\/www.alli-ex.com\/?page_id=8312"},"modified":"2018-12-21T11:18:58","modified_gmt":"2018-12-21T02:18:58","slug":"1_3_technology_vi","status":"publish","type":"page","link":"https:\/\/www.alli-ex.com\/?page_id=8312&lang=vi","title":{"rendered":"1_3_technology_vi"},"content":{"rendered":"<div class=\"wpb-content-wrapper\"><p>[vc_row][vc_column]<div id=\"qodef-particles\" class=\"auto\" style=\"background-color: #f8f8f8;\" data-particles-density=\"high\" data-particles-color=\"#c1c1c1\" data-particles-opacity=\"1\" data-particles-size=\"3\" data-speed=\"2\" data-show-lines=\"yes\" data-line-length=\"100\" ><div id=\"qodef-p-particles-container\"><\/div><div class=\"qodef-p-content\"><div class=\"qodef-elements-holder qodef-two-columns qodef-responsive-mode-1024 qodef-one-column-alignment-left\" ><div class=\"qodef-elements-holder-item qodef-vertical-alignment-middle qodef-horizontal-alignment-right\" >\r\n\t<div class=\"qodef-elements-holder-item-inner\">\r\n\t\t<div class=\"qodef-elements-holder-item-content qodef-elements-holder-custom-805107\" style=\"padding: 48px 0px 0px 0px\">\r\n\t\t\t\t\t\t[vc_single_image image=&#8221;7028&#8243; img_size=&#8221;full&#8221; alignment=&#8221;right&#8221; css_animation=&#8221;bottom-to-top&#8221;][vc_empty_space height=&#8221;60px&#8221;]\t\t<\/div>\r\n\t<\/div>\r\n<\/div><div class=\"qodef-elements-holder-item qodef-vertical-alignment-top qodef-horizontal-alignment-left\" >\r\n\t<div class=\"qodef-elements-holder-item-inner\">\r\n\t\t<div class=\"qodef-elements-holder-item-content qodef-elements-holder-custom-493226\" style=\"padding: 90px 0px 50px 0px\">\r\n\t\t\t\t\t\t<style type=\"text\/css\" data-type=\"qodef-elements-custom-padding\">\r\n\t\t\t\t\t\t\t\t@media only screen and (min-width: 1280px) and (max-width: 1600px) {\r\n\t\t\t\t\t.qodef-elements-holder .qodef-elements-holder-item-content.qodef-elements-holder-custom-493226 {\r\n\t\t\t\t\t\tpadding:  !important;\r\n\t\t\t\t\t}\r\n\t\t\t\t}\r\n\t\t\t\t\t\t\t\t\t\t\t\t\t@media only screen and (min-width: 1024px) and (max-width: 1280px) {\r\n\t\t\t\t\t\t.qodef-elements-holder .qodef-elements-holder-item-content.qodef-elements-holder-custom-493226 {\r\n\t\t\t\t\t\t\tpadding:  !important;\r\n\t\t\t\t\t\t}\r\n\t\t\t\t\t}\r\n\t\t\t\t\t\t\t\t\t\t\t\t@media only screen and (min-width: 768px) and (max-width: 1024px) {\r\n\t\t\t\t\t.qodef-elements-holder .qodef-elements-holder-item-content.qodef-elements-holder-custom-493226 {\r\n\t\t\t\t\t\tpadding:  !important;\r\n\t\t\t\t\t}\r\n\t\t\t\t}\r\n\t\t\t\t\t\t\t\t\t\t\t\t@media only screen and (min-width: 600px) and (max-width: 768px) {\r\n\t\t\t\t\t.qodef-elements-holder .qodef-elements-holder-item-content.qodef-elements-holder-custom-493226 {\r\n\t\t\t\t\t\tpadding:  !important;\r\n\t\t\t\t\t}\r\n\t\t\t\t}\r\n\t\t\t\t\t\t\t\t\t\t\t\t@media only screen and (min-width: 480px) and (max-width: 600px) {\r\n\t\t\t\t\t.qodef-elements-holder .qodef-elements-holder-item-content.qodef-elements-holder-custom-493226 {\r\n\t\t\t\t\t\tpadding:  !important;\r\n\t\t\t\t\t}\r\n\t\t\t\t}\r\n\t\t\t\t\t\t\t\t\t\t\t\t@media only screen and (max-width: 480px) {\r\n\t\t\t\t\t.qodef-elements-holder .qodef-elements-holder-item-content.qodef-elements-holder-custom-493226 {\r\n\t\t\t\t\t\tpadding: 90px 0px 50px 0px !important;\r\n\t\t\t\t\t}\r\n\t\t\t\t}\r\n\t\t\t\t\t\t\t\t<\/style>\r\n\t\t\t\t\t\t[vc_column_text]<\/p>\n<h2>Thu\u1eadn ti\u1ec7n h\u01a1n v\u1edbi d\u1ecbch v\u1ee5 t\u00e0i ch\u00ednh non-facing<\/h2>\n<p>[\/vc_column_text][vc_empty_space height=&#8221;20px&#8221;][vc_column_text]<\/p>\n<h4>Gi\u1edd \u0111\u00e2y ng\u01b0\u1eddi d\u00f9ng c\u00f3 th\u1ec3 tham gia d\u1ecbch v\u1ee5 t\u00e0i ch\u00ednh, m\u1edf s\u1ed5, \u0111\u0103ng k\u00ed th\u1ebb m\u00e0 kh\u00f4ng c\u1ea7n \u0111\u1ebfn ng\u00e2n h\u00e0ng.<br \/>\nD\u1ecbch v\u1ee5 t\u00e0i ch\u00ednh non-facing n\u00e0y d\u1ef1a tr\u00ean k\u1ef9 thu\u1eadt cao v\u1edbi t\u00ednh n\u0103ng x\u00e1c th\u1ef1c, b\u1ea3o an, ti\u1ec7n l\u1ee3i m\u00e0 ai c\u0169ng s\u1ebd h\u00e0i l\u00f2ng.<\/h4>\n<p>[\/vc_column_text][vc_empty_space height=&#8221;43px&#8221;]\t\t<\/div>\r\n\t<\/div>\r\n<\/div><\/div><\/div><\/div>[\/vc_column][\/vc_row][vc_row content_width=&#8221;grid&#8221; css=&#8221;.vc_custom_1445435180866{padding-top: 7px !important;}&#8221;][vc_column]<div class=\"qodef-elements-holder qodef-two-columns qodef-responsive-mode-768\" ><div class=\"qodef-elements-holder-item qodef-vertical-alignment-middle qodef-horizontal-alignment-left qodef-fade-in\" >\r\n\t<div class=\"qodef-elements-holder-item-inner\">\r\n\t\t<div class=\"qodef-elements-holder-item-content qodef-elements-holder-custom-524164\" style=\"padding: 24px 54px 0 0\">\r\n\t\t\t\t\t\t[vc_column_text]<\/p>\n<h2>Th\u00fa v\u1ecb h\u01a1n v\u1edbi k\u1ef9 thu\u1eadt c\u1ea3m bi\u1ebfn \u0111a d\u1ea1ng c\u1ee7a smartphone<\/h2>\n<p>[\/vc_column_text][vc_empty_space height=&#8221;19px&#8221;]<div class=\"qodef-icon-list-item\">\r\n\t<div class=\"qodef-icon-list-icon-holder\">\r\n        <div class=\"qodef-icon-list-icon-holder-inner clearfix\">\r\n\t\t\t<i class=\"qodef-icon-font-awesome fa fa-check-circle \" style=\"\" ><\/i>\t\t<\/div>\r\n\t<\/div>\r\n\t<p class=\"qodef-icon-list-text\"  > Cung c\u1ea5p t\u00ednh n\u0103ng scan \u0111a d\u1ea1ng b\u1eb1ng camera<\/p>\r\n<\/div><div class=\"qodef-icon-list-item\">\r\n\t<div class=\"qodef-icon-list-icon-holder\">\r\n        <div class=\"qodef-icon-list-icon-holder-inner clearfix\">\r\n\t\t\t<i class=\"qodef-icon-font-awesome fa fa-check-circle \" style=\"\" ><\/i>\t\t<\/div>\r\n\t<\/div>\r\n\t<p class=\"qodef-icon-list-text\"  > D\u1ecbch v\u1ee5 ch\u0103m s\u00f3c s\u1ee9c kh\u1ecfe th\u00f4ng qua c\u1ea3m bi\u1ebfn chuy\u1ec3n \u0111\u1ed9ng<\/p>\r\n<\/div><div class=\"qodef-icon-list-item\">\r\n\t<div class=\"qodef-icon-list-icon-holder\">\r\n        <div class=\"qodef-icon-list-icon-holder-inner clearfix\">\r\n\t\t\t<i class=\"qodef-icon-font-awesome fa fa-check-circle \" style=\"\" ><\/i>\t\t<\/div>\r\n\t<\/div>\r\n\t<p class=\"qodef-icon-list-text\"  > Ph\u01b0\u01a1ng ph\u00e1p x\u00e1c th\u1ef1c b\u1ea3o m\u1eadt th\u00f4ng qua nh\u1eadn d\u1ea1ng v\u00e2n tay, khu\u00f4n m\u1eb7t<\/p>\r\n<\/div><div class=\"qodef-icon-list-item\">\r\n\t<div class=\"qodef-icon-list-icon-holder\">\r\n        <div class=\"qodef-icon-list-icon-holder-inner clearfix\">\r\n\t\t\t<i class=\"qodef-icon-font-awesome fa fa-check-circle \" style=\"\" ><\/i>\t\t<\/div>\r\n\t<\/div>\r\n\t<p class=\"qodef-icon-list-text\"  > Truy\u1ec1n nh\u1eadn d\u1eef li\u1ec7u gi\u1eefa c\u00e1c \u0111i\u1ec7n tho\u1ea1i th\u00f4ng minh th\u00f4ng qua c\u1ea3m bi\u1ebfn ti\u1ec7m c\u1eadn<\/p>\r\n<\/div><div class=\"qodef-icon-list-item\">\r\n\t<div class=\"qodef-icon-list-icon-holder\">\r\n        <div class=\"qodef-icon-list-icon-holder-inner clearfix\">\r\n\t\t\t<i class=\"qodef-icon-font-awesome fa fa-check-circle \" style=\"\" ><\/i>\t\t<\/div>\r\n\t<\/div>\r\n\t<p class=\"qodef-icon-list-text\"  > D\u1ecbch v\u1ee5 thanh to\u00e1n qua Ble, NFC<\/p>\r\n<\/div>[vc_empty_space height=&#8221;43px&#8221;][vc_empty_space height=&#8221;40px&#8221;]\t\t<\/div>\r\n\t<\/div>\r\n<\/div><div class=\"qodef-elements-holder-item qodef-vertical-alignment-middle qodef-horizontal-alignment-left\" >\r\n\t<div class=\"qodef-elements-holder-item-inner\">\r\n\t\t<div class=\"qodef-elements-holder-item-content qodef-elements-holder-custom-192417\" style=\"padding: 0 0 0 0\">\r\n\t\t\t\t\t\t<style type=\"text\/css\" data-type=\"qodef-elements-custom-padding\">\r\n\t\t\t\t\t\t\t\t@media only screen and (min-width: 1280px) and (max-width: 1600px) {\r\n\t\t\t\t\t.qodef-elements-holder .qodef-elements-holder-item-content.qodef-elements-holder-custom-192417 {\r\n\t\t\t\t\t\tpadding:  !important;\r\n\t\t\t\t\t}\r\n\t\t\t\t}\r\n\t\t\t\t\t\t\t\t\t\t\t\t\t@media only screen and (min-width: 1024px) and (max-width: 1280px) {\r\n\t\t\t\t\t\t.qodef-elements-holder .qodef-elements-holder-item-content.qodef-elements-holder-custom-192417 {\r\n\t\t\t\t\t\t\tpadding:  !important;\r\n\t\t\t\t\t\t}\r\n\t\t\t\t\t}\r\n\t\t\t\t\t\t\t\t\t\t\t\t@media only screen and (min-width: 768px) and (max-width: 1024px) {\r\n\t\t\t\t\t.qodef-elements-holder .qodef-elements-holder-item-content.qodef-elements-holder-custom-192417 {\r\n\t\t\t\t\t\tpadding: 57px 0 0 0 !important;\r\n\t\t\t\t\t}\r\n\t\t\t\t}\r\n\t\t\t\t\t\t\t\t\t\t\t\t@media only screen and (min-width: 600px) and (max-width: 768px) {\r\n\t\t\t\t\t.qodef-elements-holder .qodef-elements-holder-item-content.qodef-elements-holder-custom-192417 {\r\n\t\t\t\t\t\tpadding:  !important;\r\n\t\t\t\t\t}\r\n\t\t\t\t}\r\n\t\t\t\t\t\t\t\t\t\t\t\t@media only screen and (min-width: 480px) and (max-width: 600px) {\r\n\t\t\t\t\t.qodef-elements-holder .qodef-elements-holder-item-content.qodef-elements-holder-custom-192417 {\r\n\t\t\t\t\t\tpadding:  !important;\r\n\t\t\t\t\t}\r\n\t\t\t\t}\r\n\t\t\t\t\t\t\t\t\t\t\t\t@media only screen and (max-width: 480px) {\r\n\t\t\t\t\t.qodef-elements-holder .qodef-elements-holder-item-content.qodef-elements-holder-custom-192417 {\r\n\t\t\t\t\t\tpadding:  !important;\r\n\t\t\t\t\t}\r\n\t\t\t\t}\r\n\t\t\t\t\t\t\t\t<\/style>\r\n\t\t\t\t\t\t[vc_empty_space height=&#8221;40px&#8221;][vc_single_image image=&#8221;7024&#8243; img_size=&#8221;full&#8221; css_animation=&#8221;bottom-to-top&#8221;][vc_empty_space height=&#8221;60px&#8221;]\t\t<\/div>\r\n\t<\/div>\r\n<\/div><\/div>[\/vc_column][\/vc_row][vc_row content_aligment=&#8221;center&#8221; css=&#8221;.vc_custom_1446626216241{padding-top: 73px !important;padding-bottom: 89px !important;background-image: url(http:\/\/startit.select-themes.com\/wp-content\/uploads\/2015\/10\/App2-Background-1.jpg?id=947) !important;background-position: center !important;background-repeat: no-repeat !important;background-size: cover !important;}&#8221;][vc_column][vc_column_text css=&#8221;.vc_custom_1517217453160{margin-top: 50px !important;}&#8221;]<\/p>\n<h2 style=\"text-align: center;\"><span style=\"color: #ffffff;\">Point of sale payments for the store of the future<\/span><\/h2>\n<p>[\/vc_column_text][vc_empty_space height=&#8221;10px&#8221;][vc_column_text]<\/p>\n<h4 style=\"text-align: center;\"><span style=\"color: #dbdbdb;\">As a result, we can deliver the highest possible payment success rate for every transaction.<\/span><\/h4>\n<p>[\/vc_column_text][vc_empty_space height=&#8221;75px&#8221;]<div class=\"qodef-testimonials-holder qodef-grid-section clearfix\"><div class=\"qodef-testimonials qodef-section-inner transparent cards_carousel\"  data-layout =\"cards_carousel\">Sorry, no posts matched your criteria.<\/div><\/div><\/div>[\/vc_column][\/vc_row][vc_row content_width=&#8221;grid&#8221; css=&#8221;.vc_custom_1446636032166{padding-top: 34px !important;background-color: #ffffff !important;}&#8221;][vc_column offset=&#8221;vc_col-lg-4 vc_col-md-4&#8243;][vc_single_image image=&#8221;7935&#8243; img_size=&#8221;full&#8221;][vc_empty_space height=&#8221;39px&#8221;][\/vc_column][vc_column offset=&#8221;vc_col-lg-4 vc_col-md-4&#8243; css=&#8221;.vc_custom_1517971008646{padding-top: 30px !important;}&#8221;][vc_single_image image=&#8221;7630&#8243; img_size=&#8221;full&#8221; onclick=&#8221;custom_link&#8221; img_link_target=&#8221;_blank&#8221;][\/vc_column][vc_column offset=&#8221;vc_col-lg-4 vc_col-md-4&#8243;][vc_single_image image=&#8221;7936&#8243; img_size=&#8221;full&#8221;][vc_empty_space height=&#8221;39px&#8221;][\/vc_column][\/vc_row][vc_row content_width=&#8221;grid&#8221; css=&#8221;.vc_custom_1445436547100{padding-top: 56px !important;background-color: #f6f6f8 !important;}&#8221;][vc_column]<div class=\"qodef-elements-holder qodef-two-columns qodef-responsive-mode-768\" ><div class=\"qodef-elements-holder-item qodef-vertical-alignment-middle qodef-horizontal-alignment-left\" >\r\n\t<div class=\"qodef-elements-holder-item-inner\">\r\n\t\t<div class=\"qodef-elements-holder-item-content qodef-elements-holder-custom-275957\" style=\"padding: 0 0 0 0\">\r\n\t\t\t\t\t\t<style type=\"text\/css\" data-type=\"qodef-elements-custom-padding\">\r\n\t\t\t\t\t\t\t\t@media only screen and (min-width: 1280px) and (max-width: 1600px) {\r\n\t\t\t\t\t.qodef-elements-holder .qodef-elements-holder-item-content.qodef-elements-holder-custom-275957 {\r\n\t\t\t\t\t\tpadding:  !important;\r\n\t\t\t\t\t}\r\n\t\t\t\t}\r\n\t\t\t\t\t\t\t\t\t\t\t\t\t@media only screen and (min-width: 1024px) and (max-width: 1280px) {\r\n\t\t\t\t\t\t.qodef-elements-holder .qodef-elements-holder-item-content.qodef-elements-holder-custom-275957 {\r\n\t\t\t\t\t\t\tpadding:  !important;\r\n\t\t\t\t\t\t}\r\n\t\t\t\t\t}\r\n\t\t\t\t\t\t\t\t\t\t\t\t@media only screen and (min-width: 768px) and (max-width: 1024px) {\r\n\t\t\t\t\t.qodef-elements-holder .qodef-elements-holder-item-content.qodef-elements-holder-custom-275957 {\r\n\t\t\t\t\t\tpadding: 140px 0 0 0 !important;\r\n\t\t\t\t\t}\r\n\t\t\t\t}\r\n\t\t\t\t\t\t\t\t\t\t\t\t@media only screen and (min-width: 600px) and (max-width: 768px) {\r\n\t\t\t\t\t.qodef-elements-holder .qodef-elements-holder-item-content.qodef-elements-holder-custom-275957 {\r\n\t\t\t\t\t\tpadding:  !important;\r\n\t\t\t\t\t}\r\n\t\t\t\t}\r\n\t\t\t\t\t\t\t\t\t\t\t\t@media only screen and (min-width: 480px) and (max-width: 600px) {\r\n\t\t\t\t\t.qodef-elements-holder .qodef-elements-holder-item-content.qodef-elements-holder-custom-275957 {\r\n\t\t\t\t\t\tpadding:  !important;\r\n\t\t\t\t\t}\r\n\t\t\t\t}\r\n\t\t\t\t\t\t\t\t\t\t\t\t@media only screen and (max-width: 480px) {\r\n\t\t\t\t\t.qodef-elements-holder .qodef-elements-holder-item-content.qodef-elements-holder-custom-275957 {\r\n\t\t\t\t\t\tpadding:  !important;\r\n\t\t\t\t\t}\r\n\t\t\t\t}\r\n\t\t\t\t\t\t\t\t<\/style>\r\n\t\t\t\t\t\t[vc_empty_space height=&#8221;29px&#8221;][vc_single_image image=&#8221;7063&#8243; img_size=&#8221;full&#8221; css_animation=&#8221;bottom-to-top&#8221;][vc_empty_space height=&#8221;100px&#8221;]\t\t<\/div>\r\n\t<\/div>\r\n<\/div><div class=\"qodef-elements-holder-item qodef-vertical-alignment-middle qodef-horizontal-alignment-left qodef-fade-in\" >\r\n\t<div class=\"qodef-elements-holder-item-inner\">\r\n\t\t<div class=\"qodef-elements-holder-item-content qodef-elements-holder-custom-397652\" style=\"padding: 0 49px 0 58px\">\r\n\t\t\t\t\t\t[vc_empty_space height=&#8221;14px&#8221;][vc_column_text]<\/p>\n<h2>D\u1ecbch v\u1ee5 thanh to\u00e1n \u0111i\u1ec7n t\u1eed Block Chain<\/h2>\n<p>[\/vc_column_text][vc_empty_space height=&#8221;19px&#8221;][vc_column_text]<\/p>\n<h4>H\u1ec7 th\u1ed1ng giao d\u1ecbch Block Chain cho c\u00e1c d\u1ecbch v\u1ee5 v\u00ed \u0111i\u1ec7n t\u1eed di \u0111\u1ed9ng cung c\u1ea5p m\u00f4i tr\u01b0\u1eddng giao d\u1ecbch minh b\u1ea1ch v\u00e0 \u0111\u00e1ng tin c\u1eady cho ng\u01b0\u1eddi d\u00f9ng v\u00e0 m\u1ecdi c\u1eeda h\u00e0ng th\u00e0nh vi\u00ean.<\/h4>\n<p>[\/vc_column_text][vc_empty_space height=&#8221;43px&#8221;][vc_empty_space height=&#8221;40px&#8221;]\t\t<\/div>\r\n\t<\/div>\r\n<\/div><\/div>[\/vc_column][\/vc_row][vc_row][vc_column css_animation=&#8221;slideInUp&#8221; css=&#8221;.vc_custom_1517195647716{margin-top: 30px !important;margin-bottom: 30px !important;}&#8221;][vc_column_text]<\/p>\n<h2 style=\"text-align: center;\">Alliex System Archtecture<\/h2>\n<p>[\/vc_column_text][vc_single_image image=&#8221;6729&#8243; img_size=&#8221;large&#8221; alignment=&#8221;center&#8221; css_animation=&#8221;fadeInUp&#8221; css=&#8221;.vc_custom_1517217347382{margin-top: 50px !important;margin-bottom: 50px !important;}&#8221;][\/vc_column][\/vc_row][vc_row][vc_column]<div id=\"qodef-particles\" class=\"auto\" style=\"background-color: #f8f8f8;\" data-particles-density=\"high\" data-particles-color=\"#c1c1c1\" data-particles-opacity=\"1\" data-particles-size=\"3\" data-speed=\"2\" data-show-lines=\"yes\" data-line-length=\"100\" ><div id=\"qodef-p-particles-container\"><\/div><div class=\"qodef-p-content\"><div class=\"qodef-elements-holder qodef-two-columns qodef-responsive-mode-1024 qodef-one-column-alignment-left\" ><div class=\"qodef-elements-holder-item qodef-vertical-alignment-top qodef-horizontal-alignment-left\" >\r\n\t<div class=\"qodef-elements-holder-item-inner\">\r\n\t\t<div class=\"qodef-elements-holder-item-content qodef-elements-holder-custom-230673\" style=\"padding: 90px 0px 50px 0px\">\r\n\t\t\t\t\t\t<style type=\"text\/css\" data-type=\"qodef-elements-custom-padding\">\r\n\t\t\t\t\t\t\t\t@media only screen and (min-width: 1280px) and (max-width: 1600px) {\r\n\t\t\t\t\t.qodef-elements-holder .qodef-elements-holder-item-content.qodef-elements-holder-custom-230673 {\r\n\t\t\t\t\t\tpadding:  !important;\r\n\t\t\t\t\t}\r\n\t\t\t\t}\r\n\t\t\t\t\t\t\t\t\t\t\t\t\t@media only screen and (min-width: 1024px) and (max-width: 1280px) {\r\n\t\t\t\t\t\t.qodef-elements-holder .qodef-elements-holder-item-content.qodef-elements-holder-custom-230673 {\r\n\t\t\t\t\t\t\tpadding:  !important;\r\n\t\t\t\t\t\t}\r\n\t\t\t\t\t}\r\n\t\t\t\t\t\t\t\t\t\t\t\t@media only screen and (min-width: 768px) and (max-width: 1024px) {\r\n\t\t\t\t\t.qodef-elements-holder .qodef-elements-holder-item-content.qodef-elements-holder-custom-230673 {\r\n\t\t\t\t\t\tpadding:  !important;\r\n\t\t\t\t\t}\r\n\t\t\t\t}\r\n\t\t\t\t\t\t\t\t\t\t\t\t@media only screen and (min-width: 600px) and (max-width: 768px) {\r\n\t\t\t\t\t.qodef-elements-holder .qodef-elements-holder-item-content.qodef-elements-holder-custom-230673 {\r\n\t\t\t\t\t\tpadding:  !important;\r\n\t\t\t\t\t}\r\n\t\t\t\t}\r\n\t\t\t\t\t\t\t\t\t\t\t\t@media only screen and (min-width: 480px) and (max-width: 600px) {\r\n\t\t\t\t\t.qodef-elements-holder .qodef-elements-holder-item-content.qodef-elements-holder-custom-230673 {\r\n\t\t\t\t\t\tpadding:  !important;\r\n\t\t\t\t\t}\r\n\t\t\t\t}\r\n\t\t\t\t\t\t\t\t\t\t\t\t@media only screen and (max-width: 480px) {\r\n\t\t\t\t\t.qodef-elements-holder .qodef-elements-holder-item-content.qodef-elements-holder-custom-230673 {\r\n\t\t\t\t\t\tpadding: 90px 0px 50px 0px !important;\r\n\t\t\t\t\t}\r\n\t\t\t\t}\r\n\t\t\t\t\t\t\t\t<\/style>\r\n\t\t\t\t\t\t[vc_column_text]<\/p>\n<h2>C\u1ea3m bi\u1ebfn sinh tr\u1eafc h\u1ecdc Biometrics<\/h2>\n<p>[\/vc_column_text][vc_empty_space height=&#8221;20px&#8221;]<div class=\"qodef-icon-list-item\">\r\n\t<div class=\"qodef-icon-list-icon-holder\">\r\n        <div class=\"qodef-icon-list-icon-holder-inner clearfix\">\r\n\t\t\t<i class=\"qodef-icon-font-awesome fa fa-check-circle \" style=\"\" ><\/i>\t\t<\/div>\r\n\t<\/div>\r\n\t<p class=\"qodef-icon-list-text\"  > \u00c1p d\u1ee5ng c\u00f4ng ngh\u1ec7 x\u00e1c minh sinh tr\u1eafc h\u1ecdc nh\u01b0 v\u00e2n tay, con ng\u01b0\u01a1i, khu\u00f4n m\u1eb7t, v\u00f5ng m\u1ea1c,\u2026<\/p>\r\n<\/div><div class=\"qodef-icon-list-item\">\r\n\t<div class=\"qodef-icon-list-icon-holder\">\r\n        <div class=\"qodef-icon-list-icon-holder-inner clearfix\">\r\n\t\t\t<i class=\"qodef-icon-font-awesome fa fa-check-circle \" style=\"\" ><\/i>\t\t<\/div>\r\n\t<\/div>\r\n\t<p class=\"qodef-icon-list-text\"  > S\u1eed d\u1ee5ng \u0111a d\u1ea1ng t\u1ea1i c\u00e1c non-facing channel, n\u01a1i m\u00e0 vi\u1ec7c b\u1ea3o m\u1eadt h\u1ebft s\u1ee9c quan tr\u1ecdng ho\u1eb7c m\u1ee9c \u0111\u1ed9 b\u1ea3o m\u1eadt t\u01b0\u01a1ng \u0111\u1ed1i y\u1ebfu<\/p>\r\n<\/div><div class=\"qodef-icon-list-item\">\r\n\t<div class=\"qodef-icon-list-icon-holder\">\r\n        <div class=\"qodef-icon-list-icon-holder-inner clearfix\">\r\n\t\t\t<i class=\"qodef-icon-font-awesome fa fa-check-circle \" style=\"\" ><\/i>\t\t<\/div>\r\n\t<\/div>\r\n\t<p class=\"qodef-icon-list-text\"  > S\u1eed d\u1ee5ng d\u1eef li\u1ec7u t\u1ea1m th\u1eddi (Token) \u0111\u1ec3 tr\u00e1nh r\u00f2 r\u1ec9 th\u00f4ng tin c\u00e1 nh\u00e2n<\/p>\r\n<\/div><div class=\"qodef-icon-list-item\">\r\n\t<div class=\"qodef-icon-list-icon-holder\">\r\n        <div class=\"qodef-icon-list-icon-holder-inner clearfix\">\r\n\t\t\t<i class=\"qodef-icon-font-awesome fa fa-check-circle \" style=\"\" ><\/i>\t\t<\/div>\r\n\t<\/div>\r\n\t<p class=\"qodef-icon-list-text\"  > Network-based or gateway-based<\/p>\r\n<\/div><div class=\"qodef-icon-list-item\">\r\n\t<div class=\"qodef-icon-list-icon-holder\">\r\n        <div class=\"qodef-icon-list-icon-holder-inner clearfix\">\r\n\t\t\t<i class=\"qodef-icon-font-awesome fa fa-check-circle \" style=\"\" ><\/i>\t\t<\/div>\r\n\t<\/div>\r\n\t<p class=\"qodef-icon-list-text\"  > X\u00e1c nh\u1eadn \u0111\u1ed3ng th\u1eddi m\u00e3 PIN + d\u1ea5u v\u00e2n tay khi thanh to\u00e1n qua mobile<\/p>\r\n<\/div>[vc_empty_space height=&#8221;43px&#8221;]\t\t<\/div>\r\n\t<\/div>\r\n<\/div><div class=\"qodef-elements-holder-item qodef-vertical-alignment-middle qodef-horizontal-alignment-right\" >\r\n\t<div class=\"qodef-elements-holder-item-inner\">\r\n\t\t<div class=\"qodef-elements-holder-item-content qodef-elements-holder-custom-964430\" style=\"padding: 48px 0px 0px 0px\">\r\n\t\t\t\t\t\t[vc_single_image image=&#8221;7064&#8243; img_size=&#8221;full&#8221; alignment=&#8221;right&#8221; css_animation=&#8221;bottom-to-top&#8221;][vc_empty_space height=&#8221;43px&#8221;]\t\t<\/div>\r\n\t<\/div>\r\n<\/div><\/div><\/div><\/div>[\/vc_column][\/vc_row]<\/p>\n<\/div>","protected":false},"excerpt":{"rendered":"<a href=\"https:\/\/www.alli-ex.com\/?page_id=8312&lang=vi\"><img decoding=\"async\" width=\"300\" src=\"\" class=\"alignleft wp-post-image tfe\" alt=\"\" title=\"\" \/><\/a><p>[vc_row][vc_column][\/vc_column][\/vc_row][vc_row content_width=&#8221;grid&#8221; css=&#8221;.vc_custom_1445435180866{padding-top: 7px !important;}&#8221;][vc_column][\/vc_column][\/vc_row][vc_row content_aligment=&#8221;center&#8221; css=&#8221;.vc_custom_1446626216241{padding-top: 73px !important;padding-bottom: 89px !important;background-image: url(http:\/\/startit.select-themes.com\/wp-content\/uploads\/2015\/10\/App2-Background-1.jpg?id=947) !important;background-position: center !important;background-repeat: no-repeat !important;background-size: cover !important;}&#8221;][vc_column][vc_column_text css=&#8221;.vc_custom_1517217453160{margin-top: 50px !important;}&#8221;] Point of sale payments for the store of the future [\/vc_column_text][vc_empty_space height=&#8221;10px&#8221;][vc_column_text] As a result, we can deliver the highest possible payment success&#8230;<\/p>\n","protected":false},"author":1,"featured_media":0,"parent":0,"menu_order":0,"comment_status":"closed","ping_status":"closed","template":"full-width.php","meta":{"footnotes":""},"class_list":["post-8312","page","type-page","status-publish","hentry"],"_links":{"self":[{"href":"https:\/\/www.alli-ex.com\/index.php?rest_route=\/wp\/v2\/pages\/8312","targetHints":{"allow":["GET"]}}],"collection":[{"href":"https:\/\/www.alli-ex.com\/index.php?rest_route=\/wp\/v2\/pages"}],"about":[{"href":"https:\/\/www.alli-ex.com\/index.php?rest_route=\/wp\/v2\/types\/page"}],"author":[{"embeddable":true,"href":"https:\/\/www.alli-ex.com\/index.php?rest_route=\/wp\/v2\/users\/1"}],"replies":[{"embeddable":true,"href":"https:\/\/www.alli-ex.com\/index.php?rest_route=%2Fwp%2Fv2%2Fcomments&post=8312"}],"version-history":[{"count":2,"href":"https:\/\/www.alli-ex.com\/index.php?rest_route=\/wp\/v2\/pages\/8312\/revisions"}],"predecessor-version":[{"id":8357,"href":"https:\/\/www.alli-ex.com\/index.php?rest_route=\/wp\/v2\/pages\/8312\/revisions\/8357"}],"wp:attachment":[{"href":"https:\/\/www.alli-ex.com\/index.php?rest_route=%2Fwp%2Fv2%2Fmedia&parent=8312"}],"curies":[{"name":"wp","href":"https:\/\/api.w.org\/{rel}","templated":true}]}}